{"id":718,"date":"2021-09-09T16:18:13","date_gmt":"2021-09-09T13:18:13","guid":{"rendered":"http:\/\/www.benovamuhendislik.com\/?page_id=718"},"modified":"2022-07-22T11:04:43","modified_gmt":"2022-07-22T08:04:43","slug":"tersine-muhendislik","status":"publish","type":"page","link":"https:\/\/www.benovamuhendislik.com\/index.php\/tersine-muhendislik\/","title":{"rendered":"Tersine M\u00fchendislik"},"content":{"rendered":"<p>[vc_row][vc_column][dfd_spacer screen_wide_spacer_size=&#8221;50&#8243; screen_normal_resolution=&#8221;1024&#8243; screen_tablet_resolution=&#8221;800&#8243; screen_mobile_resolution=&#8221;480&#8243; screen_normal_spacer_size=&#8221;30&#8243; screen_tablet_spacer_size=&#8221;30&#8243; screen_mobile_spacer_size=&#8221;15&#8243;][dfd_heading subtitle=&#8221;&#8221; content_alignment=&#8221;text-left&#8221; enable_delimiter=&#8221;&#8221; undefined=&#8221;&#8221; title_font_options=&#8221;tag:h2|color:%23272727&#8243; subtitle_font_options=&#8221;tag:div&#8221;]Tersine M\u00fchendislik[\/dfd_heading][dfd_spacer screen_wide_spacer_size=&#8221;20&#8243; screen_normal_resolution=&#8221;1024&#8243; screen_tablet_resolution=&#8221;800&#8243; screen_mobile_resolution=&#8221;480&#8243;][vc_column_text]<\/p>\n<p style=\"font-size: 18px;\">3 boyutlu taray\u0131c\u0131 sistemler ile taranan bir par\u00e7an\u0131n olu\u015fan bilgisayar verisi\u00a0nokta bulutu veya poligon mesh data olarak tan\u0131mlan\u0131r. Bu elde edilen data, direkt olarak CNC veya 3D Printerile \u00fcretilebilir veya analiz i\u015flemlerinde kullan\u0131labilir.<\/p>\n<p style=\"font-size: 18px;\">Tarama sonras\u0131nda elde edilen poligon mesh data, kat\u0131 model veya y\u00fczey model format\u0131nda istenir. Bunun temel nedeni kat\u0131 veya y\u00fczey model datas\u0131n\u0131n m\u00fcdahele edilebilir ve imalat esaslar\u0131na uygun olmas\u0131d\u0131r. Bu gibi durumlarda tarama ile elde edilen poligon mesh data, tersine m\u00fchendislik dedi\u011fimiz bir i\u015fleme tabi tutulur.<\/p>\n<p><strong style=\"font-size: 18px;\">\u00a0 \u00a0 \u00a0 \u00a0 \u00a0 BENOVA\u00a0M\u00fchendislik<\/strong><\/p>\n<p style=\"font-size: 18px;\">tecr\u00fcbeli kadrosu ile;<\/p>\n<p style=\"font-size: 18px;\">&#8211; Aliminyum enjeksiyon<\/p>\n<p style=\"font-size: 18px;\">&#8211; Plastik enjeksiyon<\/p>\n<p style=\"font-size: 18px;\">&#8211; D\u00f6k\u00fcm modeli vb. numunelerde taramas\u0131n\u0131 yapm\u0131\u015f oldu\u011fu i\u015fin modelleme hizmetinide k\u0131sa s\u00fcrede teslim etmektedir.<\/p>\n<p><strong style=\"font-size: 18px;\">Not:Yapm\u0131\u015f oldu\u011fmuz tasar\u0131mlar ayr\u0131m hatlar\u0131 belirlenmi\u015f ve bu hatlara g\u00f6re a\u00e7\u0131 ve radius verilmi\u015ftir direk olarak kal\u0131p ve model yap\u0131m\u0131nda \u00e7ekme pay\u0131 verildikten sonra kullan\u0131labilir.<\/strong><\/p>\n<p style=\"font-size: 18px;\">Otomotiv, savunma sanayi yan sanayi firmalar\u0131na hizmet veren firmam\u0131z par\u00e7a dizayn, kal\u0131p ve birden fazla par\u00e7an\u0131n montaj\u0131ndan meydana gelen \u00fcr\u00fcnlerde h\u0131zl\u0131 ve kaliteli hizmet anlay\u0131\u015f\u0131 ile m\u00fchendislik hizmeti vermektedir.<\/p>\n<p>[\/vc_column_text][dfd_spacer screen_wide_spacer_size=&#8221;30&#8243; screen_normal_resolution=&#8221;1024&#8243; screen_tablet_resolution=&#8221;800&#8243; screen_mobile_resolution=&#8221;480&#8243;][\/vc_column][\/vc_row][vc_row][vc_column][dfd_slide_parallax image_width=&#8221;1180&#8243; image_height=&#8221;600&#8243; delim_width=&#8221;4&#8243; image_first=&#8221;1046&#8243; image_second=&#8221;1047&#8243; tutorials=&#8221;&#8221; marker=&#8221;1153&#8243;][dfd_spacer screen_wide_spacer_size=&#8221;10&#8243; screen_normal_resolution=&#8221;1024&#8243; screen_tablet_resolution=&#8221;800&#8243; screen_mobile_resolution=&#8221;480&#8243;][\/vc_column][\/vc_row]<\/p>\n","protected":false},"excerpt":{"rendered":"<p>[vc_row][vc_column][dfd_spacer screen_wide_spacer_size=&#8221;50&#8243; screen_normal_resolution=&#8221;1024&#8243; screen_tablet_resolution=&#8221;800&#8243; screen_mobile_resolution=&#8221;480&#8243; screen_normal_spacer_size=&#8221;30&#8243; screen_tablet_spacer_size=&#8221;30&#8243; screen_mobile_spacer_size=&#8221;15&#8243;][dfd_heading subtitle=&#8221;&#8221; content_alignment=&#8221;text-left&#8221; enable_delimiter=&#8221;&#8221; undefined=&#8221;&#8221; title_font_options=&#8221;tag:h2|color:%23272727&#8243; subtitle_font_options=&#8221;tag:div&#8221;]Tersine M\u00fchendislik[\/dfd_heading][dfd_spacer screen_wide_spacer_size=&#8221;20&#8243; screen_normal_resolution=&#8221;1024&#8243; screen_tablet_resolution=&#8221;800&#8243; screen_mobile_resolution=&#8221;480&#8243;][vc_column_text] 3 boyutlu taray\u0131c\u0131 sistemler ile taranan bir par\u00e7an\u0131n olu\u015fan bilgisayar verisi\u00a0nokta<\/p>\n","protected":false},"author":1,"featured_media":0,"parent":0,"menu_order":0,"comment_status":"closed","ping_status":"closed","template":"","meta":{"footnotes":""},"class_list":["post-718","page","type-page","status-publish","hentry"],"_links":{"self":[{"href":"https:\/\/www.benovamuhendislik.com\/index.php\/wp-json\/wp\/v2\/pages\/718","targetHints":{"allow":["GET"]}}],"collection":[{"href":"https:\/\/www.benovamuhendislik.com\/index.php\/wp-json\/wp\/v2\/pages"}],"about":[{"href":"https:\/\/www.benovamuhendislik.com\/index.php\/wp-json\/wp\/v2\/types\/page"}],"author":[{"embeddable":true,"href":"https:\/\/www.benovamuhendislik.com\/index.php\/wp-json\/wp\/v2\/users\/1"}],"replies":[{"embeddable":true,"href":"https:\/\/www.benovamuhendislik.com\/index.php\/wp-json\/wp\/v2\/comments?post=718"}],"version-history":[{"count":35,"href":"https:\/\/www.benovamuhendislik.com\/index.php\/wp-json\/wp\/v2\/pages\/718\/revisions"}],"predecessor-version":[{"id":1155,"href":"https:\/\/www.benovamuhendislik.com\/index.php\/wp-json\/wp\/v2\/pages\/718\/revisions\/1155"}],"wp:attachment":[{"href":"https:\/\/www.benovamuhendislik.com\/index.php\/wp-json\/wp\/v2\/media?parent=718"}],"curies":[{"name":"wp","href":"https:\/\/api.w.org\/{rel}","templated":true}]}}