{"id":716,"date":"2021-09-09T15:00:03","date_gmt":"2021-09-09T12:00:03","guid":{"rendered":"http:\/\/www.benovamuhendislik.com\/?page_id=716"},"modified":"2022-07-22T17:15:51","modified_gmt":"2022-07-22T14:15:51","slug":"hizmetlerimiz","status":"publish","type":"page","link":"https:\/\/www.benovamuhendislik.com\/index.php\/hizmetlerimiz\/","title":{"rendered":"Hizmetlerimiz"},"content":{"rendered":"<p>[vc_row][vc_column][dfd_spacer screen_wide_spacer_size=&#8221;50&#8243; screen_normal_resolution=&#8221;1024&#8243; screen_tablet_resolution=&#8221;800&#8243; screen_mobile_resolution=&#8221;480&#8243; screen_normal_spacer_size=&#8221;30&#8243; screen_tablet_spacer_size=&#8221;30&#8243; screen_mobile_spacer_size=&#8221;15&#8243;][dfd_heading subtitle=&#8221;&#8221; content_alignment=&#8221;text-left&#8221; enable_delimiter=&#8221;&#8221; undefined=&#8221;&#8221; title_font_options=&#8221;tag:h2|color:%23272727&#8243; subtitle_font_options=&#8221;tag:div&#8221;]<\/p>\n<h2 class=\"av-special-heading-tag \">Tersine M\u00fchendislik \u2013 3D Tarama ve Modelleme Hizmetleri<\/h2>\n<p>[\/dfd_heading][vc_column_text]3 Boyutlu Tarama Bilgisayar ortam\u0131nda bir tasar\u0131m datas\u0131 bulunmayan \u00fcr\u00fcnlerin yap\u0131lar\u0131n tasar\u0131m ve m\u00fchendislik detaylar\u0131n\u0131n dijital ortama aktar\u0131lmas\u0131 i\u015flemidir.[\/vc_column_text][dfd_spacer screen_wide_spacer_size=&#8221;30&#8243; screen_normal_resolution=&#8221;1024&#8243; screen_tablet_resolution=&#8221;800&#8243; screen_mobile_resolution=&#8221;480&#8243;][dfd_spacer screen_wide_spacer_size=&#8221;30&#8243; screen_normal_resolution=&#8221;1024&#8243; screen_tablet_resolution=&#8221;800&#8243; screen_mobile_resolution=&#8221;480&#8243;][\/vc_column][\/vc_row][vc_row][vc_column width=&#8221;1\/2&#8243;][dfd_single_image image=&#8221;974&#8243;][\/vc_column][vc_column width=&#8221;1\/2&#8243;][dfd_spacer screen_wide_spacer_size=&#8221;15&#8243; screen_normal_resolution=&#8221;1024&#8243; screen_tablet_resolution=&#8221;800&#8243; screen_mobile_resolution=&#8221;480&#8243;][dfd_heading subtitle=&#8221;&#8221; content_alignment=&#8221;text-left&#8221; delimiter_settings=&#8221;delimiter_style:solid|delimiter_width:80|delimiter_height:1&#8243; undefined=&#8221;&#8221; title_font_options=&#8221;tag:h2&#8243; subtitle_font_options=&#8221;tag:div&#8221;]Tersine M\u00fchendislik[\/dfd_heading][vc_column_text]3 boyutlu taray\u0131c\u0131 sistemler ile taranan bir par\u00e7an\u0131n olu\u015fan bilgisayar verisi\u00a0nokta bulutu veya poligon mesh data olarak tan\u0131mlan\u0131r. Bu elde edilen data, direkt olarak CNC veya 3D Printerile \u00fcretilebilir veya analiz i\u015flemlerinde kullan\u0131labilir.<\/p>\n<p>Tarama sonras\u0131nda elde edilen poligon mesh data, kat\u0131 model veya y\u00fczey model format\u0131nda istenir. Bunun temel nedeni kat\u0131 veya y\u00fczey model datas\u0131n\u0131n m\u00fcdahele edilebilir ve imalat esaslar\u0131na uygun olmas\u0131d\u0131r. Bu gibi durumlarda tarama ile elde edilen poligon mesh data, tersine m\u00fchendislik dedi\u011fimiz bir i\u015fleme tabi tutulur.[\/vc_column_text][dfd_spacer screen_wide_spacer_size=&#8221;15&#8243; screen_normal_resolution=&#8221;1024&#8243; screen_tablet_resolution=&#8221;800&#8243; screen_mobile_resolution=&#8221;480&#8243;][dfd_button button_text=&#8221;Devam\u0131n\u0131 \u0130ncele&#8221; alignment=&#8221;text-left&#8221; main_style=&#8221;style-4&#8243; buttom_link_src=&#8221;url:http%3A%2F%2Fwww.benovamuhendislik.com%2Findex.php%2Ftersine-muhendislik%2F|title:Tersine%20M%C3%BChendislik&#8221; undefined=&#8221;&#8221; box_shadow=&#8221;box_shadow_enable:disable|shadow_horizontal:0|shadow_vertical:15|shadow_blur:50|shadow_spread:0|box_shadow_color:rgba(0%2C0%2C0%2C0.35)&#8221; hover_box_shadow=&#8221;box_shadow_enable:disable|shadow_horizontal:0|shadow_vertical:15|shadow_blur:50|shadow_spread:0|box_shadow_color:rgba(0%2C0%2C0%2C0.35)&#8221; text_color=&#8221;#ffffff&#8221; hover_text_color=&#8221;#ffffff&#8221; background=&#8221;#ffac14&#8243; hover_background=&#8221;#ff6e14&#8243; el_class=&#8221;hizmetlerimiz-button-001&#8243;][\/vc_column][\/vc_row][vc_row][vc_column][dfd_spacer screen_wide_spacer_size=&#8221;80&#8243; screen_normal_resolution=&#8221;1024&#8243; screen_tablet_resolution=&#8221;800&#8243; screen_mobile_resolution=&#8221;480&#8243;][vc_row_inner][vc_column_inner width=&#8221;1\/2&#8243;][dfd_spacer screen_wide_spacer_size=&#8221;15&#8243; screen_normal_resolution=&#8221;1024&#8243; screen_tablet_resolution=&#8221;800&#8243; screen_mobile_resolution=&#8221;480&#8243;][dfd_heading subtitle=&#8221;&#8221; content_alignment=&#8221;text-right&#8221; delimiter_settings=&#8221;delimiter_style:solid|delimiter_width:80|delimiter_height:1&#8243; undefined=&#8221;&#8221; title_font_options=&#8221;tag:h2&#8243; subtitle_font_options=&#8221;tag:div&#8221; el_class=&#8221;tarama-yazi&#8221; tutorials=&#8221;&#8221;]3D Tarama[\/dfd_heading][vc_column_text]<\/p>\n<p style=\"text-align: right;\">3 boyutlu fiziksel nesneler , par\u00e7a veya sistemler (kal\u0131p, fikst\u00fcr vb.) \u00fc\u00e7 boyutlu tarama cihazlar\u0131m\u0131zla taran\u0131p nokta bulutu \u015feklinde verileri elde edilir. Elde edilen bu nokta bulutu verileri uygun sistemler taraf\u0131ndan \u00fc\u00e7gen polygonal dataya d\u00f6n\u00fc\u015ft\u00fcr\u00fclerek .stl format\u0131nda y\u00fczey bilgisi olarak kullan\u0131labilmektedir. B\u00f6ylece hedef par\u00e7aya ya da sisteme ait veri nokta bulutu olarak komple bilgisayar ortam\u0131na at\u0131lm\u0131\u015f olur. Art\u0131k bu tam anlam\u0131yla \u00fczerinde istenilen herhangi bir de\u011fi\u015fiklik yap\u0131labilecek 3 boyutlu bir veridir.<\/p>\n<p style=\"text-align: right;\">Tarama i\u015flemi \u201cLazer\u201d ya da \u201cOptik\u201d sistemler ile yap\u0131labilmektedir. Par\u00e7a \u00fczerinden nokta alma i\u015flemi klasik y\u00f6ntemlerle g\u00fcnler, hatta haftalar s\u00fcrebilirken bu i\u015flem 3 Boyutlu Optik Tarama Sistemleri sayesinde birka\u00e7 saat i\u00e7inde yap\u0131labilmektedir. Genel olarak yap\u0131lan t\u00fcm taramalarda detaylar\u0131n \u00e7oklu\u011fu ve y\u00fczey p\u00fcr\u00fczl\u00fcl\u00fc\u011f\u00fc, yap\u0131lacak taraman\u0131n sonucunu ve s\u00fcresini etkilemektedir.<\/p>\n<p>[\/vc_column_text][dfd_spacer screen_wide_spacer_size=&#8221;15&#8243; screen_normal_resolution=&#8221;1024&#8243; screen_tablet_resolution=&#8221;800&#8243; screen_mobile_resolution=&#8221;480&#8243;][dfd_button button_text=&#8221;Devam\u0131n\u0131 \u0130ncele&#8221; alignment=&#8221;text-right&#8221; tooltip_alignment=&#8221;dfd-button-tooltip-right&#8221; main_style=&#8221;style-4&#8243; buttom_link_src=&#8221;url:http%3A%2F%2Fwww.benovamuhendislik.com%2Findex.php%2Ftarama-hizmeti%2F|title:Tersine%20M%C3%BChendislik&#8221; undefined=&#8221;&#8221; box_shadow=&#8221;box_shadow_enable:disable|shadow_horizontal:0|shadow_vertical:15|shadow_blur:50|shadow_spread:0|box_shadow_color:rgba(0%2C0%2C0%2C0.35)&#8221; hover_box_shadow=&#8221;box_shadow_enable:disable|shadow_horizontal:0|shadow_vertical:15|shadow_blur:50|shadow_spread:0|box_shadow_color:rgba(0%2C0%2C0%2C0.35)&#8221; text_color=&#8221;#ffffff&#8221; hover_text_color=&#8221;#ffffff&#8221; background=&#8221;#ffac14&#8243; hover_background=&#8221;#ff6e14&#8243; el_class=&#8221;hizmetlerimiz-button-001&#8243;][\/vc_column_inner][vc_column_inner width=&#8221;1\/2&#8243;][dfd_single_image image=&#8221;976&#8243; el_class=&#8221;tarama-resim&#8221; tutorials=&#8221;&#8221;][\/vc_column_inner][\/vc_row_inner][\/vc_column][\/vc_row][vc_row][vc_column][dfd_spacer screen_wide_spacer_size=&#8221;80&#8243; screen_normal_resolution=&#8221;1024&#8243; screen_tablet_resolution=&#8221;800&#8243; screen_mobile_resolution=&#8221;480&#8243;][vc_row_inner][vc_column_inner width=&#8221;1\/2&#8243;][dfd_single_image image=&#8221;978&#8243;][\/vc_column_inner][vc_column_inner width=&#8221;1\/2&#8243;][dfd_spacer screen_wide_spacer_size=&#8221;15&#8243; screen_normal_resolution=&#8221;1024&#8243; screen_tablet_resolution=&#8221;800&#8243; screen_mobile_resolution=&#8221;480&#8243;][dfd_heading subtitle=&#8221;&#8221; content_alignment=&#8221;text-left&#8221; delimiter_settings=&#8221;delimiter_style:solid|delimiter_width:80|delimiter_height:1&#8243; undefined=&#8221;&#8221; title_font_options=&#8221;tag:h2&#8243; subtitle_font_options=&#8221;tag:div&#8221;]Kalite Kontrol[\/dfd_heading][vc_column_text]\u00dcr\u00fcn Geli\u015ftirme \u00e7al\u0131\u015fmalar\u0131n\u0131z\u0131n onu A\u015famas\u0131nda \u00c7e\u015fitli sebeplerle ve \u0130htiya\u00e7 duyulan Kalite Kontrol hizmetlerinde; tek par\u00e7a uzerinden oldugu Gibi, seri \u00fcretimden \u00c7\u0131kan \u00fcr\u00fcnlerin tekrarl\u0131 sekilde Kalite Kontrol raporlamas\u0131nda da uzmanla\u015fm\u0131\u015ft\u0131r ettik.<\/p>\n<p>Kalite Kontrol faaliyetlerimizde; istenen raporlamaya optik, lazer Dokunmatik Sistemler Y\u00dcKSEK uzmanl\u0131kla kullan\u0131labilmektedir. A.\u015e., Amaca y\u00f6nelik Olarak ettik BENOVA en H\u0131zl\u0131 ve Aldanmay\u0131n! SONU\u00c7 ilkelerini G\u00f6z \u00f6n\u00fcnde bulundurarak Karar vegbigb A.\u015e. \u00dcr\u00fcn Geli\u015ftirme M\u00fchendisleri, \u00e7al\u0131\u015fman\u0131n yap\u0131laca\u011f\u0131 teknolojiye en Uygun\u2019un cost, en Y\u00dcKSEK Do\u011fruluk. M\u00fc\u015fterilerini Her T\u00fcrl\u00fc \u00dcretim A\u015famas\u0131nda Destekleyen, Elde Etti\u011fi DENEY\u0130M\u0130 m\u00fc\u015fterilerine aktar\u0131rken tam ABGS \u00c7al\u0131\u015fma prensibini, ilkelerinin en \u00f6n\u00fcnde tahlil. TUM met nedenlerle, Birlikte \u00e7al\u0131\u015ft\u0131\u011f\u0131 Firmalar\u0131 Teknoloji Bilgisi ile de Her Zaman Destekler.[\/vc_column_text][dfd_spacer screen_wide_spacer_size=&#8221;15&#8243; screen_normal_resolution=&#8221;1024&#8243; screen_tablet_resolution=&#8221;800&#8243; screen_mobile_resolution=&#8221;480&#8243;][dfd_button button_text=&#8221;Devam\u0131n\u0131 \u0130ncele&#8221; alignment=&#8221;text-left&#8221; main_style=&#8221;style-4&#8243; buttom_link_src=&#8221;url:http%3A%2F%2Fwww.benovamuhendislik.com%2Findex.php%2Fkalite-kontrol%2F|title:Tersine%20M%C3%BChendislik&#8221; undefined=&#8221;&#8221; box_shadow=&#8221;box_shadow_enable:disable|shadow_horizontal:0|shadow_vertical:15|shadow_blur:50|shadow_spread:0|box_shadow_color:rgba(0%2C0%2C0%2C0.35)&#8221; hover_box_shadow=&#8221;box_shadow_enable:disable|shadow_horizontal:0|shadow_vertical:15|shadow_blur:50|shadow_spread:0|box_shadow_color:rgba(0%2C0%2C0%2C0.35)&#8221; text_color=&#8221;#ffffff&#8221; hover_text_color=&#8221;#ffffff&#8221; background=&#8221;#ffac14&#8243; hover_background=&#8221;#ff6e14&#8243; el_class=&#8221;hizmetlerimiz-button-001&#8243;][\/vc_column_inner][\/vc_row_inner][\/vc_column][\/vc_row][vc_row][vc_column][dfd_spacer screen_wide_spacer_size=&#8221;80&#8243; screen_normal_resolution=&#8221;1024&#8243; screen_tablet_resolution=&#8221;800&#8243; screen_mobile_resolution=&#8221;480&#8243;][vc_row_inner][vc_column_inner width=&#8221;1\/2&#8243;][dfd_spacer screen_wide_spacer_size=&#8221;15&#8243; screen_normal_resolution=&#8221;1024&#8243; screen_tablet_resolution=&#8221;800&#8243; screen_mobile_resolution=&#8221;480&#8243;][dfd_heading subtitle=&#8221;&#8221; content_alignment=&#8221;text-right&#8221; delimiter_settings=&#8221;delimiter_style:solid|delimiter_width:80|delimiter_height:1&#8243; undefined=&#8221;&#8221; title_font_options=&#8221;tag:h2&#8243; subtitle_font_options=&#8221;tag:div&#8221; el_class=&#8221;prototip-text&#8221; tutorials=&#8221;&#8221;]H\u0131zl\u0131 Prototipleme[\/dfd_heading][vc_column_text]<\/p>\n<p style=\"text-align: right;\">Yap\u0131lan \u00e7al\u0131\u015fmalar g\u00f6stermektedir ki \u00fcr\u00fcn geli\u015ftirme \u00e7al\u0131\u015famalar\u0131 s\u0131ras\u0131nda yap\u0131lan m\u00fchendislik de\u011fi\u015fikliklerinin maliyeti, her a\u015famada 10 kat artmaktad\u0131r. \u00d6rne\u011fin tasar\u0131m a\u015famas\u0131nda 100 USD maliyetle yap\u0131labilecek bir de\u011fi\u015fik prototip\/test a\u015famas\u0131nda yap\u0131l\u0131rsa 1.000 USD\u2019a, kal\u0131plama a\u015famas\u0131nda 10.000 USD\u2019a, \u00fcretim a\u015famas\u0131nda 100.000 USD\u2019a, sat\u0131\u015f sonras\u0131nda ise 1.000.000 USD\u2019a mal olmaktad\u0131r.<\/p>\n<p style=\"text-align: right;\">Bu nedenle \u00fcr\u00fcn geli\u015ftirme s\u00fcrecinde m\u00fcmk\u00fcn oldu\u011funca erken a\u015famada yap\u0131lan prototipleme ve fonksiyonel test \u00e7al\u0131\u015fmalar\u0131, \u015firketlere b\u00fcy\u00fck maliyet avantajlar\u0131 sa\u011flamaktad\u0131r. Sizlerin bu avantajlardan faydalanman\u0131z\u0131 hedefleyen BENOVA M\u00fchendislik, geli\u015ftirmekte oldu\u011funuz \u00fcr\u00fcne ve ihtiya\u00e7lar\u0131n\u0131za uygun h\u0131zl\u0131 prototipleme teknolojisini kullanarak, sizlere servis b\u00fcro hizmetleri sunmaktad\u0131r.<\/p>\n<p>[\/vc_column_text][dfd_spacer screen_wide_spacer_size=&#8221;15&#8243; screen_normal_resolution=&#8221;1024&#8243; screen_tablet_resolution=&#8221;800&#8243; screen_mobile_resolution=&#8221;480&#8243;][dfd_button button_text=&#8221;Devam\u0131n\u0131 \u0130ncele&#8221; alignment=&#8221;text-right&#8221; tooltip_alignment=&#8221;dfd-button-tooltip-right&#8221; main_style=&#8221;style-4&#8243; buttom_link_src=&#8221;url:http%3A%2F%2Fwww.benovamuhendislik.com%2Findex.php%2Fhizli-prototipleme%2F|title:Tersine%20M%C3%BChendislik&#8221; undefined=&#8221;&#8221; box_shadow=&#8221;box_shadow_enable:disable|shadow_horizontal:0|shadow_vertical:15|shadow_blur:50|shadow_spread:0|box_shadow_color:rgba(0%2C0%2C0%2C0.35)&#8221; hover_box_shadow=&#8221;box_shadow_enable:disable|shadow_horizontal:0|shadow_vertical:15|shadow_blur:50|shadow_spread:0|box_shadow_color:rgba(0%2C0%2C0%2C0.35)&#8221; text_color=&#8221;#ffffff&#8221; hover_text_color=&#8221;#ffffff&#8221; background=&#8221;#ffac14&#8243; hover_background=&#8221;#ff6e14&#8243; el_class=&#8221;hizmetlerimiz-button-001&#8243;][\/vc_column_inner][vc_column_inner width=&#8221;1\/2&#8243;][dfd_single_image image=&#8221;995&#8243; tutorials=&#8221;&#8221; el_class=&#8221;prototip-img&#8221;][\/vc_column_inner][\/vc_row_inner][\/vc_column][\/vc_row][vc_row][vc_column][dfd_spacer screen_wide_spacer_size=&#8221;60&#8243; screen_normal_resolution=&#8221;1024&#8243; screen_tablet_resolution=&#8221;800&#8243; screen_mobile_resolution=&#8221;480&#8243;][\/vc_column][\/vc_row]<\/p>\n","protected":false},"excerpt":{"rendered":"<p>[vc_row][vc_column][dfd_spacer screen_wide_spacer_size=&#8221;50&#8243; screen_normal_resolution=&#8221;1024&#8243; screen_tablet_resolution=&#8221;800&#8243; screen_mobile_resolution=&#8221;480&#8243; screen_normal_spacer_size=&#8221;30&#8243; screen_tablet_spacer_size=&#8221;30&#8243; screen_mobile_spacer_size=&#8221;15&#8243;][dfd_heading subtitle=&#8221;&#8221; content_alignment=&#8221;text-left&#8221; enable_delimiter=&#8221;&#8221; undefined=&#8221;&#8221; title_font_options=&#8221;tag:h2|color:%23272727&#8243; subtitle_font_options=&#8221;tag:div&#8221;] Tersine M\u00fchendislik \u2013 3D Tarama ve Modelleme Hizmetleri [\/dfd_heading][vc_column_text]3 Boyutlu Tarama Bilgisayar ortam\u0131nda bir tasar\u0131m datas\u0131<\/p>\n","protected":false},"author":1,"featured_media":0,"parent":0,"menu_order":0,"comment_status":"closed","ping_status":"closed","template":"","meta":{"footnotes":""},"class_list":["post-716","page","type-page","status-publish","hentry"],"_links":{"self":[{"href":"https:\/\/www.benovamuhendislik.com\/index.php\/wp-json\/wp\/v2\/pages\/716","targetHints":{"allow":["GET"]}}],"collection":[{"href":"https:\/\/www.benovamuhendislik.com\/index.php\/wp-json\/wp\/v2\/pages"}],"about":[{"href":"https:\/\/www.benovamuhendislik.com\/index.php\/wp-json\/wp\/v2\/types\/page"}],"author":[{"embeddable":true,"href":"https:\/\/www.benovamuhendislik.com\/index.php\/wp-json\/wp\/v2\/users\/1"}],"replies":[{"embeddable":true,"href":"https:\/\/www.benovamuhendislik.com\/index.php\/wp-json\/wp\/v2\/comments?post=716"}],"version-history":[{"count":50,"href":"https:\/\/www.benovamuhendislik.com\/index.php\/wp-json\/wp\/v2\/pages\/716\/revisions"}],"predecessor-version":[{"id":1190,"href":"https:\/\/www.benovamuhendislik.com\/index.php\/wp-json\/wp\/v2\/pages\/716\/revisions\/1190"}],"wp:attachment":[{"href":"https:\/\/www.benovamuhendislik.com\/index.php\/wp-json\/wp\/v2\/media?parent=716"}],"curies":[{"name":"wp","href":"https:\/\/api.w.org\/{rel}","templated":true}]}}