{"id":700,"date":"2021-09-09T13:52:42","date_gmt":"2021-09-09T10:52:42","guid":{"rendered":"http:\/\/www.benovamuhendislik.com\/?page_id=700"},"modified":"2022-07-18T11:52:27","modified_gmt":"2022-07-18T08:52:27","slug":"kurumsal","status":"publish","type":"page","link":"https:\/\/www.benovamuhendislik.com\/index.php\/kurumsal\/","title":{"rendered":"Kurumsal"},"content":{"rendered":"<p>[vc_row row_effect=&#8221;dfd-fade-on-scroll&#8221;][vc_column][dfd_heading subtitle=&#8221;&#8221; module_animation=&#8221;transition.fadeIn&#8221; enable_delimiter=&#8221;&#8221; undefined=&#8221;&#8221; title_font_options=&#8221;tag:h2|color:%23272727&#8243; subtitle_font_options=&#8221;tag:div|font_style_bold:1&#8243;]Hakk\u0131m\u0131zda[\/dfd_heading][vc_column_text]<strong>BENOVA M\u00fchendislik<\/strong> daha \u00e7ok gen\u00e7 2020 y\u0131l\u0131nda kuruldu. Ama ge\u00e7mi\u015fden ald\u0131\u011f\u0131 deneyimi kazan\u0131mlar\u0131 hizmetlerine yans\u0131tarak \u00e7al\u0131\u015fmalar\u0131na devam ediyor.\u00d6zellikle model ve kal\u0131b\u0131 yap\u0131lmak \u00fczere dizayn edilen modelleme hizmetinde ba\u015far\u0131l\u0131 bir hizmet sunmay\u0131 hedefliyor. Bir\u00e7ok sanayi firmas\u0131 ihtiya\u00e7lar\u0131 olan tasar\u0131mlar\u0131 kendi b\u00fcnyelerinde halledebilmektedir. Fakat tasar\u0131mlar\u0131n karma\u015f\u0131k boyut kazan\u0131p daha \u00e7ok u\u011fra\u015f gerektirdi\u011fi noktada s\u0131k\u0131nt\u0131lar ya\u015fanmakta i\u015fte bu gibi durumlarda\u00a0<strong>BENOVA M\u00fchendislik<\/strong> \u00fcr\u00fcn tasar\u0131m\u0131, \u00fcr\u00fcn geli\u015ftirme, tersine m\u00fchendislik, 3 boyutlu optik tarama gibi konularda firmalar\u0131n yan\u0131nda yer almaktad\u0131r. Otomotiv, savunma sanayi yan sanayi firmalar\u0131na hizmet veren firmam\u0131z par\u00e7a dizayn, kal\u0131p ve birden fazla par\u00e7an\u0131n montaj\u0131ndan meydana gelen \u00fcr\u00fcnlerde h\u0131zl\u0131 ve kaliteli hizmet anlay\u0131\u015f\u0131 ile m\u00fchendislik hizmeti vermektedir.[\/vc_column_text][dfd_spacer screen_wide_spacer_size=&#8221;30&#8243; screen_normal_resolution=&#8221;1024&#8243; screen_tablet_resolution=&#8221;800&#8243; screen_mobile_resolution=&#8221;480&#8243; screen_normal_spacer_size=&#8221;20&#8243; screen_tablet_spacer_size=&#8221;20&#8243; screen_mobile_spacer_size=&#8221;20&#8243;][\/vc_column][vc_column][vc_row_inner][vc_column_inner width=&#8221;1\/2&#8243;][dfd_heading subtitle=&#8221;&#8221; module_animation=&#8221;transition.fadeIn&#8221; enable_delimiter=&#8221;&#8221; undefined=&#8221;&#8221; title_font_options=&#8221;tag:h4|color:%23272727|font_style_bold:1&#8243; subtitle_font_options=&#8221;tag:div&#8221;]Vizyonumuz[\/dfd_heading][vc_column_text]BENOVA M\u00fchendislik, AR-GE ve \u00dcR-GE \u00e7al\u0131\u015fmalar\u0131n\u0131zda gizlili\u011fin esas oldu\u011funu, m\u00fc\u015fterilerinin say\u0131sal bilgiler, fikir, tasar\u0131m, \u00e7izim, prototip, model, numune, deneyim, her t\u00fcrl\u00fc bilgi ve belgelerin gizlili\u011fini pe\u015finen kabul eder. \u0130lgili konularda kar\u015f\u0131l\u0131kl\u0131 olarak imzalanacak olan\u00a0\u201cGizlilik S\u00f6zle\u015fmesi\u201d\u00a0ile bilgi g\u00fcvenli\u011finiz yasal olarak da teminat alt\u0131na al\u0131nabilir. BENOVA M\u00fchendislik \u00f6nceden kamuoyu taraf\u0131ndan bilinen, payla\u015f\u0131lmas\u0131na izin verilen ya da bilgiyi alan taraf\u0131n daha \u00f6nceden bildi\u011fi bilgiler hari\u00e7 tutulmak \u00fczere hi\u00e7bir ko\u015fulda bilgiyi 3. \u015eah\u0131slarla aktarmayaca\u011f\u0131n\u0131 taahh\u00fct eder.[\/vc_column_text][\/vc_column_inner][vc_column_inner width=&#8221;1\/2&#8243;][dfd_heading subtitle=&#8221;&#8221; module_animation=&#8221;transition.fadeIn&#8221; enable_delimiter=&#8221;&#8221; undefined=&#8221;&#8221; title_font_options=&#8221;tag:h4|color:%23272727|font_style_bold:1&#8243; subtitle_font_options=&#8221;tag:div&#8221;]Misyonumuz[\/dfd_heading][vc_column_text]BENOVA M\u00fchendislik, AR-GE ve \u00dcR-GE \u00e7al\u0131\u015fmalar\u0131n\u0131zda gizlili\u011fin esas oldu\u011funu, m\u00fc\u015fterilerinin say\u0131sal bilgiler, fikir, tasar\u0131m, \u00e7izim, prototip, model, numune, deneyim, her t\u00fcrl\u00fc bilgi ve belgelerin gizlili\u011fini pe\u015finen kabul eder. \u0130lgili konularda kar\u015f\u0131l\u0131kl\u0131 olarak imzalanacak olan\u00a0\u201cGizlilik S\u00f6zle\u015fmesi\u201d\u00a0ile bilgi g\u00fcvenli\u011finiz yasal olarak da teminat alt\u0131na al\u0131nabilir. BENOVA M\u00fchendislik \u00f6nceden kamuoyu taraf\u0131ndan bilinen, payla\u015f\u0131lmas\u0131na izin verilen ya da bilgiyi alan taraf\u0131n daha \u00f6nceden bildi\u011fi bilgiler hari\u00e7 tutulmak \u00fczere hi\u00e7bir ko\u015fulda bilgiyi 3. \u015eah\u0131slarla aktarmayaca\u011f\u0131n\u0131 taahh\u00fct eder.[\/vc_column_text][\/vc_column_inner][vc_column_inner][dfd_spacer screen_wide_spacer_size=&#8221;50&#8243; screen_normal_resolution=&#8221;1024&#8243; screen_tablet_resolution=&#8221;800&#8243; screen_mobile_resolution=&#8221;480&#8243; screen_normal_spacer_size=&#8221;30&#8243; screen_tablet_spacer_size=&#8221;30&#8243; screen_mobile_spacer_size=&#8221;30&#8243;][\/vc_column_inner][\/vc_row_inner][vc_row_inner][vc_column_inner][\/vc_column_inner][\/vc_row_inner][\/vc_column][\/vc_row][vc_row dfd_row_responsive_enable=&#8221;dfd-row-responsive-enable&#8221; responsive_styles=&#8221;padding_left_mobile:20|padding_right_mobile:20&#8243; css=&#8221;.vc_custom_1601303237529{background-color: #dddddd !important;}&#8221;][vc_column][dfd_spacer screen_wide_spacer_size=&#8221;80&#8243; screen_normal_resolution=&#8221;1280&#8243; screen_tablet_resolution=&#8221;1024&#8243; screen_mobile_resolution=&#8221;800&#8243; screen_wide_resolution=&#8221;1280&#8243; screen_mobile_spacer_size=&#8221;60&#8243; screen_tablet_spacer_size=&#8221;80&#8243; screen_normal_spacer_size=&#8221;80&#8243;][dfd_heading style=&#8221;style_02&#8243; subtitle=&#8221;&#8221; module_animation=&#8221;transition.expandIn&#8221; enable_delimiter=&#8221;&#8221; undefined=&#8221;&#8221; title_font_options=&#8221;tag:h2|font_size:37|line_height:44|letter_spacing:-1.5&#8243; subtitle_font_options=&#8221;tag:h6|font_size:12|color:%23545454&#8243; title_responsive=&#8221;font_size_desktop:30|line_height_desktop:36|font_size_tablet:30|line_height_tablet:36|font_size_mobile:24|line_height_mobile:32&#8243; subtitle_responsive=&#8221;font_size_tablet:11|font_size_mobile:10&#8243;]Sosyal Medyadan Bizi Takip Edin.[\/dfd_heading][dfd_spacer screen_wide_spacer_size=&#8221;40&#8243; screen_normal_resolution=&#8221;1280&#8243; screen_tablet_resolution=&#8221;1024&#8243; screen_mobile_resolution=&#8221;800&#8243; screen_wide_resolution=&#8221;1280&#8243;][dfd_social_accounts dfd_social_networks=&#8221;%5B%7B%22dfd_social_networks_sel%22%3A%22dfd-socicon-facebook%22%2C%22soc_url%22%3A%22url%3Ahttps%253A%252F%252Fwww.facebook.com%252Fbenovamuhendislik%252F%22%7D%2C%7B%22dfd_social_networks_sel%22%3A%22dfd-socicon-instagram%22%2C%22soc_url%22%3A%22url%3Ahttps%253A%252F%252Fwww.instagram.com%252Fbenova_muhendislik%252F%22%7D%5D&#8221; icon_border=&#8221;ic_border&#8221; border_width=&#8221;1&#8243; border_color=&#8221;#b7b7b7&#8243; tutorials=&#8221;&#8221;][dfd_spacer screen_wide_spacer_size=&#8221;70&#8243; screen_normal_resolution=&#8221;1280&#8243; screen_tablet_resolution=&#8221;1024&#8243; screen_mobile_resolution=&#8221;800&#8243; screen_wide_resolution=&#8221;1280&#8243; screen_mobile_spacer_size=&#8221;60&#8243;][\/vc_column][\/vc_row]<\/p>\n","protected":false},"excerpt":{"rendered":"<p>[vc_row row_effect=&#8221;dfd-fade-on-scroll&#8221;][vc_column][dfd_heading subtitle=&#8221;&#8221; module_animation=&#8221;transition.fadeIn&#8221; enable_delimiter=&#8221;&#8221; undefined=&#8221;&#8221; title_font_options=&#8221;tag:h2|color:%23272727&#8243; subtitle_font_options=&#8221;tag:div|font_style_bold:1&#8243;]Hakk\u0131m\u0131zda[\/dfd_heading][vc_column_text]BENOVA M\u00fchendislik daha \u00e7ok gen\u00e7 2020 y\u0131l\u0131nda kuruldu. Ama ge\u00e7mi\u015fden ald\u0131\u011f\u0131 deneyimi kazan\u0131mlar\u0131 hizmetlerine yans\u0131tarak \u00e7al\u0131\u015fmalar\u0131na devam ediyor.\u00d6zellikle model ve kal\u0131b\u0131 yap\u0131lmak \u00fczere<\/p>\n","protected":false},"author":1,"featured_media":0,"parent":0,"menu_order":0,"comment_status":"closed","ping_status":"closed","template":"","meta":{"footnotes":""},"class_list":["post-700","page","type-page","status-publish","hentry"],"_links":{"self":[{"href":"https:\/\/www.benovamuhendislik.com\/index.php\/wp-json\/wp\/v2\/pages\/700","targetHints":{"allow":["GET"]}}],"collection":[{"href":"https:\/\/www.benovamuhendislik.com\/index.php\/wp-json\/wp\/v2\/pages"}],"about":[{"href":"https:\/\/www.benovamuhendislik.com\/index.php\/wp-json\/wp\/v2\/types\/page"}],"author":[{"embeddable":true,"href":"https:\/\/www.benovamuhendislik.com\/index.php\/wp-json\/wp\/v2\/users\/1"}],"replies":[{"embeddable":true,"href":"https:\/\/www.benovamuhendislik.com\/index.php\/wp-json\/wp\/v2\/comments?post=700"}],"version-history":[{"count":8,"href":"https:\/\/www.benovamuhendislik.com\/index.php\/wp-json\/wp\/v2\/pages\/700\/revisions"}],"predecessor-version":[{"id":1033,"href":"https:\/\/www.benovamuhendislik.com\/index.php\/wp-json\/wp\/v2\/pages\/700\/revisions\/1033"}],"wp:attachment":[{"href":"https:\/\/www.benovamuhendislik.com\/index.php\/wp-json\/wp\/v2\/media?parent=700"}],"curies":[{"name":"wp","href":"https:\/\/api.w.org\/{rel}","templated":true}]}}